 = -5*a - 2708. Let c(y) = 3*y + 1581. Let d(n) = -12*c(n) - 7*v(n). Determine d(t).
1
Suppose 13*x - 54 = -14*x. Let l(d) = 0*d**x + 679 - 3*d**2 + 4*d**2 - 2*d - 680. Determine l(-2).
7
Let l(h) = -6*h + 3. Let z(y) = -31*y - 59. Let i be z(-7). Suppose -m + i = 161. Calculate l(m).
21
Let z(f) = f**2 - 8*f + 2. Let l be z(3). Let d = l - -21. Let y(i) be the third derivative of -i**5/60 + 7*i**4/24 + i**3/3 + 107341*i**2. Calculate y(d).
-6
Let y(t) = t**2 + 8*t - 13. Let f(d) = -d**2 + 12*d - 30. Suppose 3*l - 5*b - 56 = -16, -b = 4*l - 38. Let h be f(l). Calculate y(h).
7
Suppose -1549 - 347 = 15*w + 64*w. Let h(f) = f + 32. What is h(w)?
8
Let t be ((-4760)/4165)/((-8)/14). Let r(w) = -7*w**2 + 5*w + 2. Give r(t).
-16
Let s(d) = -d + 10. Let f be s(7). Let b(j) be the first derivative of -j**4/4 + j**3 + 5*j**2/2 - 2*j + 1754. Determine b(f).
13
Let w(c) be the third derivative of -56*c**2 + 0*c + 0 + 1/24*c**4 + 2/3*c**3. Let g(i) = -i**2 + 8*i. Let j be g(9). Calculate w(j).
-5
Let b(k) = 13*k**3 - 25*k**2 + 47*k + 12. Let s(r) = 7*r**3 - 13*r**2 + 26*r + 6. Let p(t) = 6*b(t) - 11*s(t). Determine p(7).
-22
Suppose 0 = -4*l - 179 - 245. Let t be l/10 + 105/175. Let u(i) = i**3 + 9*i**2 - 10*i + 7. Determine u(t).
7
Let v be 6*(-10)/(-60) + 4. Suppose -2*u - 44 = -6*u + v*l, 0 = 5*u + 3*l - 55. Let s(z) = z**3 - 11*z**2 + 16. Calculate s(u).
16
Suppose 11*x = 570 + 310. Suppose 0 = -79*g + x*g + 3. Let j(a) = a**3 + 3*a**2 - 1. What is j(g)?
-1
Let u(b) be the second derivative of 5*b**3/6 - 5*b**2/2 - 456*b. Calculate u(9).
40
Suppose l + 2*b - 14 = -0*b, 4 = b. Let w(u) be the third derivative of -u**4/24 + 4*u**3/3 + 452746*u**2. What is w(l)?
2
Let s(n) = n**2 + 16*n + 63. Suppose -5*d - 25*d - 25*d = 605. Give s(d).
8
Let g = 8 - 4. Let y(i) = 14387*i - i**3 + 3*i**2 + 5 - 14382*i - 3. Calculate y(g).
6
Let m(s) = 4*s**3 + 35 - s**3 - 34 + 2*s**3. Suppose -2*u = -l - 0*l + 9, 4*u + 12 = 0. Suppose -8*b = -11*b + l. Give m(b).
6
Let p(t) = 14*t**2 + 2941*t - 2*t**2 + 21*t**2 - 5883*t + 2941*t. Let v = 1 - 0. Determine p(v).
32
Let s(l) = 3*l + 1. Let c be (-2 - -2)/(3 + 0). Let v(w) = -32*w**2 - 34*w**2 + 2 + 65*w**2. Let q be v(c). Give s(q).
7
Suppose 60 = 18*i + 2*i. Let c(w) = -4*w**i + 11 - 2*w**3 + 3*w**3 - 14 + w - 4*w**2 + 2*w**3. Calculate c(-5).
17
Let k = 9606 - 9605. Let o(b) = -6*b**3 - b**2 - 13*b + 14. Give o(k).
-6
Let p(y) = -y**3 + 5*y**2 + 8*y - 8. Let v be p(6). Suppose v*c - 2 = 18. Suppose c*x + 3 = 13. Let d(z) = 4*z - 2. Give d(x).
6
Suppose -71*q + 38*q + 266*q - 466 = 0. Let n(y) = -2*y**3 + y**2 - 2*y + 6. Determine n(q).
-10
Let q(r) = r**2 + 2*r + 5. Suppose 395*m = 403*m - 8. Let a be (210/84)/(m/(-2)). Calculate q(a).
20
Let w(j) = -j - 9. Let m be w(-12). Suppose 0 = -m*i - i + 12. Let u(p) = -5*p + 20*p**i - 19*p**3 + p**2 + 4*p**2 - 2. What is u(-6)?
-8
Let r(u) = 41*u**2 + 2*u - 1. Let v be (-75)/(-21) + -3 - 18/84*-2. Give r(v).
42
Let i(q) = q**2 - 11*q + 36. Suppose -5*b + 6 = -2*k, -k - 4*b - 45 = -17*b. Give i(k).
8
Let c(z) = 23 - 4*z - 6 + 18*z + 14*z - 30*z. Suppose -4*y - 8 = -q - 3*y, 37 = 4*q - 3*y. Determine c(q).
-9
Let g(c) be the second derivative of -c**4/12 + 5*c**3/3 - 4*c**2 - 61*c. Let y(t) = 2*t**2 - 20*t + 15. Let h(f) = -5*g(f) - 3*y(f). Calculate h(9).
4
Let g(c) = -4*c - 2. Let w be g(-2). Let a(b) = 8420 + 4*b**2 - 3*b**2 + 5*b - 2*b**2 - 8414. What is a(w)?
0
Let q(p) = -6 - 2622*p**2 + 3*p + 1 - 39*p**3 + 40*p**3 + 2630*p**2. Give q(-6).
49
Suppose -z = 4*r - 168 - 2913, -2*z - 3078 = -4*r. Let c = r - 765. Let y(l) = -l**3 + 5*l**2 + l - 11. Calculate y(c).
-6
Let d(i) = 0*i - 9*i**2 + 6*i - 6 + 12 - 3*i**2 + 13*i**2. What is d(-4)?
-2
Let l be 2/(-1*(-2 + 3)) + -46. Let m = l - -54. Suppose -8*j = -10*j + m. Let x(o) = 4*o**2 - 4*o - 1. Give x(j).
23
Let c(u) = -4*u + 2. Suppose q = -1 + 11. Let v(b) = -39*b + 76*b - 30*b - 3. Let m(i) = q*c(i) + 6*v(i). What is m(-4)?
-6
Let v be (8/(-20))/(3/15*-1). Suppose 5*s = v*s - 5*f + 29, -3*f + 27 = 5*s. Let a(u) = -7*u + 3*u**2 + 2 + 6*u + 0*u - s*u. Calculate a(2).
6
Let b(t) be the third derivative of t**4/24 - 3*t**3 + t**2. Let g = -160332 - -160345. Determine b(g).
-5
Let c(g) be the first derivative of -g**4/4 + 19*g**3/3 - 59*g**2/2 - 4*g - 246. Calculate c(15).
11
Let t(d) = 475*d + 475. Let b be t(-1). Let h(q) be the second derivative of 0 + 1/3*q**3 - 13*q + b*q**2. Give h(1).
2
Let m(w) = -9*w + 1. Let v = 1 + 62. Let b be (2/((-10)/v))/((-15)/50). Let o = 43 - b. What is m(o)?
-8
Let t(v) be the third derivative of -1/15*v**5 + 19*v**2 + 2/3*v**3 + 0 + 1/360*v**6 + 1/4*v**4 + 0*v. Let x(p) be the first derivative of t(p). Give x(6).
-6
Let k(x) = -2*x - 16. Suppose -5*f + 34 = 3*i - 2*i, 0 = -2*i - f + 104. Suppose i = 17*m - 23*m. Calculate k(m).
2
Let l(t) = t**2 + 10*t + 36. Suppose 2*i = -10, 2*f + 0*f - 5*i = 13. Let p be l(f). Let c(b) = 9*b - p - 15*b + 7*b. Determine c(6).
-6
Let l(f) = f**3 + 4*f**2 + 4*f + 6. Suppose -59*u + 43 = 279. What is l(u)?
-10
Let g(u) be the second derivative of -4*u**4/3 + 7*u**3/6 - 2*u**2 + 1838*u. Calculate g(2).
-54
Suppose 5*u + g - 5*g - 18 = 0, 2*g + 6 = 2*u. Let c = 9 - 3. Let v(f) = -c*f - 5*f**2 - 7 + 0*f**2 + 1 + f**3. Give v(u).
-6
Let v(n) = 3*n**2 - 16*n - 6. Let u be (-8)/(2*-6*7/63). Give v(u).
6
Let z(y) = -3617 - 13*y**2 - y**3 + 14*y - 3574 + 7174. Let c = -22 - -8. Calculate z(c).
-17
Let o(v) = -2*v - 13. Let q be (-4488)/918 + -2*(-2)/(-36). Calculate o(q).
-3
Let a be ((-4)/(-2) - 3)/(1/(-3)). Suppose 0 = -a*b + 3*s - 6 + 21, -s + 3 = 0. Suppose 5*c = b*c - 18. Let x(u) = 3*u - 4. Determine x(c).
14
Let q = 39482 + -39481. Let j(s) be the third derivative of 7*s**6/60 + s**4/24 - s**3/3 - s**2. Determine j(q).
13
Let q(u) = -43*u + 1. Let y be q(-8). Suppose -4*r + 359 = -5*o, 4*r - y = -4*o + 23. Let z be (-14)/4*(-52)/r. Let i(j) = -j - 1. What is i(z)?
-3
Let i = -234 + 230. Let q(b) = -4*b**2 - 4*b + 29. Let h(a) = -a**2 - a + 5. Let x(g) = 5*h(g) - q(g). What is x(i)?
-16
Let p(y) = -3*y**3 - 2*y**2 - 4*y - 3. Let o = 1 + 2. Let s(k) = -4145*k + 9*k**3 + 6*k**2 + 4 + 4157*k + 3 + 2. Let c(b) = o*s(b) + 8*p(b). Give c(-2).
-21
Let g(v) = -8*v**3 - v**2 - v - 1. Let r = 326 + -323. Let h be (r/9)/((-10)/30). What is g(h)?
7
Let g(b) be the third derivative of 0*b + 14*b**2 + 1/40*b**5 + 13/24*b**4 + 0 + 0*b**3 - 7/720*b**6. Let w(u) be the second derivative of g(u). Calculate w(2).
-11
Let j(x) be the third derivative of -x**4/4 - x**3/6 + 4754*x**2 + 3. Suppose 3*a = a - 2. Give j(a).
5
Let i(k) = -k - 37. Suppose -s - 12 = z, 3*z + 2*s + 42 = 5*s. What is i(z)?
-24
Let f(x) be the first derivative of -x + 2 - 1/3*x**3 - 3/2*x**2. Let k = -342 - -338. Calculate f(k).
-5
Let w(k) = k - 1. Let y(h) = h**2 - 6*h + 10. Suppose 16 = 2*c + 6. Let j be y(c). Suppose 0 = -2*o + j*o + 15. What is w(o)?
-6
Let i(y) = -3*y**2 + 3*y - 1. Let j = -2407 - -1373. Let w = -1032 - j. Calculate i(w).
-7
Let u(o) be the second derivative of -o**4/12 - 11*o**3/6 + 3*o**2 + 1066*o. What is u(-13)?
-20
Let d(h) be the second derivative of -3/8*h**4 + 1/6*h**3 - 33/2*h**2 - 36*h + 0. Let t(y) be the first derivative of d(y). Give t(2).
-17
Let g(m) = m**2 - 16*m - 44. Let r = -8029 - -8047. What is g(r)?
-8
Let x(o) = -1 + 2*o - 6 + 2*o**2 - 6*o. Let a(j) = 5*j**2 - 12*j - 20. Let u = 387 - 398. Let n(z) = u*x(z) + 4*a(z). What is n(-2)?
-3
Let s = -4791 - -4789. Let q(x) = -17*x - 25. Give q(s).
9
Let m(u) = -6*u**2 + 5 + 4*u + u**3 + 9*u**2 + 4*u**2 + 0*u**2 + 2. Let n(r) = -2*r + 16. Let z be n(11). Determine m(z).
19
Let r be ((-5)/4)/(((-117)/52)/(-9)). Let d be (10/35)/(2/14). Let s(k) = 3 - 6*k - 4*k**2 + 4*k**d - k**2. What is s(r)?
8
Let z(i) = i - 6. Suppose -4*r - 27*r + 279 = 0. What is z(r)?
3
Let g(d) be the first derivative of d**4/4 - 2*d**3 + 5*d**2/2 + 3*d + 1047. What is g(5)?
3
Let g(j) = j**3 + 18*j**2 - 22*j - 54. Let k be g(-19). Let y(z) = -z**3 + 4*z**2 - 3*z + 1. Give y(k).
1
Suppose 404 = 64*s - 165*s. Let w(n) = -21*n - 76. Calculate w(s).
8
Let i(s) = -11*s + 1. Let p(v) = 6*v - 4. Let u(k) = k - 1. Let l(c) = -p(c) + 4*u(c). Let x be (-180)/54*1*(-6)/4. Let g(w) = x*l(w) - i(w). Give g(-5).
-6
Let l(g) = g**3 + g**2 + 1. Let u = -52 - -5